463 a prime number?
True
Is 346498 prime?
False
Is 613783 prime?
False
Is 442343 a composite number?
True
Is 30059 a prime number?
True
Is 478321 composite?
False
Is 56339 composite?
True
Is 374501 composite?
False
Is 212326 a prime number?
False
Is 62515 composite?
True
Is 27361 a composite number?
False
Is 102911 a prime number?
True
Is 15959 a prime number?
True
Is 66337 a composite number?
False
Is 214367 a composite number?
True
Is 1993673 composite?
True
Is 18787 prime?
True
Is 444209 a prime number?
True
Is 3665 a prime number?
False
Is 265547 prime?
True
Is 133691 prime?
True
Is 10037 prime?
True
Is 16447 composite?
False
Is 817529 a composite number?
False
Is 61219 a composite number?
True
Is 23473 composite?
False
Is 3299 prime?
True
Is 143643 a composite number?
True
Is 254287 a prime number?
False
Is 5692169 a prime number?
False
Is 126541 composite?
False
Is 18883 composite?
True
Is 6629 a composite number?
True
Is 16503 prime?
False
Is 664933 a composite number?
False
Is 34913 a prime number?
True
Is 756011 a composite number?
False
Is 37331 composite?
True
Is 4816153 composite?
False
Is 10741 a composite number?
True
Is 10821 prime?
False
Is 60637 composite?
False
Is 184409 composite?
False
Is 75137 a composite number?
True
Is 140813 composite?
False
Is 1655 composite?
True
Is 78277 prime?
True
Is 4339 composite?
False
Is 497723 prime?
False
Is 3867 a composite number?
True
Is 354533 prime?
True
Is 82191 composite?
True
Is 61463 prime?
True
Is 7057 a composite number?
False
Is 2999 a composite number?
False
Is 5669 prime?
True
Is 405917 composite?
False
Is 1613981 a composite number?
False
Is 10007 a composite number?
False
Is 357121 prime?
False
Is 3259 prime?
True
Is 32831 a prime number?
True
Is 131861 composite?
False
Is 38339 composite?
True
Is 51203 composite?
False
Is 3158 prime?
False
Is 418597 a composite number?
False
Is 150287 a composite number?
False
Is 72307 composite?
False
Is 12451 composite?
False
Is 9901 a prime number?
True
Is 27917 a prime number?
True
Is 57367 composite?
False
Is 139813 a prime number?
True
Is 18509 composite?
True
Is 37319 a prime number?
False
Is 16823 composite?
False
Is 6817 prime?
False
Is 18301 a composite number?
False
Is 51629 composite?
True
Is 73483 composite?
False
Is 26813 prime?
True
Is 34795 a prime number?
False
Is 4661 composite?
True
Is 112019 a prime number?
True
Is 1216637 composite?
True
Is 40882 composite?
True
Is 118453 prime?
True
Is 31687 prime?
True
Is 61543 composite?
False
Is 18101 composite?
True
Is 267823 a prime number?
False
Is 107591 prime?
False
Is 225311 a composite number?
True
Is 6073 a prime number?
True
Is 140521 prime?
True
Is 5737 a prime number?
True
Is 885289 a prime number?
True
Is 100127 a prime number?
False
Is 91831 a composite number?
True
Is 60181 a prime number?
False
Is 393 prime?
False
Is 307 composite?
False
Is 92717 a prime number?
True
Is 7787 a prime number?
False
Is 1226999 prime?
False
Is 492899 prime?
False
Is 94378 composite?
True
Is 31747 a prime number?
False
Is 2281 a composite number?
False
Is 31973 prime?
True
Is 54251 prime?
True
Is 28803 a prime number?
False
Is 214 a composite number?
True
Is 5818 prime?
False
Is 185677 a prime number?
True
Is 1361 composite?
False
Is 122387 a composite number?
False
Is 799171 prime?
True
Is 41929 a prime number?
False
Is 3263 a prime number?
False
Is 815169 a composite number?
True
Is 2942 composite?
True
Is 39071 composite?
True
Is 867053 a prime number?
False
Is 19069 composite?
False
Is 3963 a prime number?
False
Is 30089 prime?
True
Is 1231 composite?
False
Is 876557 a prime number?
False
Is 168449 composite?
False
Is 130773 a composite number?
True
Is 406871 prime?
False
Is 67997 prime?
False
Is 1811 a composite number?
False
Is 39587 composite?
True
Is 9773 composite?
True
Is 34991 a composite number?
True
Is 759671 composite?
True
Is 118387 composite?
False
Is 11497 composite?
False
Is 10369 a prime number?
True
Is 4741 a composite number?
True
Is 321743 prime?
True
Is 20693 prime?
True
Is 496081 a prime number?
False
Is 211943 prime?
True
Is 1392533 a prime number?
False
Is 233698 a prime number?
False
Is 3260327 a composite number?
True
Is 183827 a prime number?
False
Is 4573 a composite number?
True
Is 5574959 a composite number?
True
Is 240083 a composite number?
True
Is 1007893 a prime number?
False
Is 472319 composite?
False
Is 1435997 composite?
False
Is 378527 prime?
False
Is 114685 a prime number?
False
Is 17455 prime?
False
Is 60861 a prime number?
False
Is 68993 prime?
True
Is 1249 a prime number?
True
Is 485 a composite number?
True
Is 22523 a prime number?
False
Is 108169 prime?
False
Is 141411 a prime number?
False
Is 115831 prime?
True
Is 747199 composite?
False
Is 10133 a composite number?
False
Is 29741 composite?
False
Is 13945 a composite number?
True
Is 10259 composite?
False
Is 8849 prime?
True
Is 2899 a prime number?
False
Is 2073 a prime number?
False
Is 594623 a composite number?
True
Is 86069 prime?
True
Is 9527 a prime number?
False
Is 91921 a composite number?
False
Is 2137 a prime number?
True
Is 963581 composite?
False
Is 2010185 a prime number?
False
Is 75001 prime?
False
Is 241463 composite?
False
Is 75727 a composite number?
True
Is 23447 composite?
False
Is 18413 composite?
False
Is 618703 a prime number?
True
Is 999527 composite?
True
Is 3871271 prime?
True
Is 1657 composite?
False
Is 61003 a composite number?
True
Is 103001 a composite number?
False
Is 36289 a composite number?
True
Is 103135 a composite number?
True
Is 2517733 prime?
True
Is 65027 prime?
True
Is 462773 a prime number?
True
Is 3163 a composite number?
False
Is 17035 a composite number?
True
Is 237257 a composite number?
False
Is 476467 a prime number?
True
Is 207227 composite?
False
Is 38039 a composite number?
False
Is 11279 prime?
True
Is 11923 composite?
False
Is 123787 a prime number?
True
Is 6217 a prime number?
True
Is 42707 a composite number?
True
Is 5351 prime?
True
Is 2651681 a prime number?
False
Is 5911 a composite number?
True
Is 96821 a composite number?
False
Is 1275013 composite?
True
Is 8923 prime?
True
Is 1328369 prime?
False
Is 8561 a prime number?
False
Is 43013 composite?
False
Is 10097 prime?
False
Is 626177 prime?
True
Is 5615261 a prime number?
True
Is 11209 a composite number?
True
Is 11197 prime?
True
Is 1087 a composite number?
False
Is 5701 composite?
False
Is 21553 composite?
True
Is 118571 prime?
True
Is 216499 prime?
False
Is 38621 composite?
True
Is 5647 composite?
False
Is 30301 composite?
True
Is 958423 a prime number?
True
Is 1341821 prime?
False
Is 45437 prime?
False
Is 165533 a composite number?
False
Is 135131 a composite number?
False
Is 248134 a prime number?
False
Is 27011 a composite number?
False
Is 4967 a composite number?
False
Is 41153 a composite number?
True
Is 30403 composite?
False
Is 69815 a prime number?
False
Is 36111 composite?
True
Is 85679 prime?
False
Is 85331 composite?
False
Is 3007 composite?
True
Is 395273 prime?
True
Is 99205 a composite number?
True
Is 98998 prime?
False
Is 51757 prime?
False
Is 198173 a composite number?
False
Is 3641 prime?
False
Is 22247 composite?
False
Is 3715 prime?
False
Is 211417 prime?
False
Is 14923 a composite number?
False
Is 2353 prime?
False
Is 394861 composite?
False
Is 636469 a composite number?
False
Is 306709 a prime number?
False
Is 10694 composite?
True
Is 290903 a composite number?
True
Is 373151 composite?
False
Is 28807 prime?
True
Is 10579 composite?
True
Is 967 a prime number?
True
Is 439733 a composite number?
True
Is 1995607 composite?
False
Is 46823 prime?
False
Is 27299 composite?
False
Is 2188951 prime?
False
Is 4783 composite?
False
Is 16721 composite?
True
Is 2225371 prime?
True
Is 136337 composite?
False
Is 4391 prime?
True
Is 81083 a composite number?
False
Is 280823 prime?
False
Is 175706 a composite number?
True
Is 35773 prime?
False
Is 20477 prime?
True
Is 25853 composite?
True
Is 13853 a composite number?
True
Is 1255741 a composite number?
True
Is 614521 a prime number?
False
Is 72599 a composite number?
True
Is 12574 a composite number?
True
Is 669913 composite?
False
Is 973727 a composite number?
False
Is 6393 composite?
True
Is 591053 composite?
False
Is 5275